{"id":1463,"date":"2022-12-12T13:28:11","date_gmt":"2022-12-12T12:28:11","guid":{"rendered":"https:\/\/zlinsky-barcamp.cz\/2022\/?page_id=1463"},"modified":"2022-12-12T13:29:14","modified_gmt":"2022-12-12T12:29:14","slug":"harmonogram-2022","status":"publish","type":"page","link":"https:\/\/zlinsky-barcamp.cz\/2023\/harmonogram-2022\/","title":{"rendered":"Harmonogram 2022"},"content":{"rendered":"\n<p class=\"has-text-align-center\"><strong>Barcamp v \u010cesk\u00e9 republice snad u\u017e nemus\u00edme p\u0159edstavovat. <\/strong><br><strong>Tenhle je p\u0159esto speci\u00e1ln\u00ed, zam\u011b\u0159uje se na t\u00e9ma podnik\u00e1n\u00ed.<\/strong><\/p>\n\n\n\n<div class=\"wp-block-columns is-layout-flex wp-container-core-columns-is-layout-9d6595d7 wp-block-columns-is-layout-flex\">\n<div class=\"wp-block-column is-layout-flow wp-block-column-is-layout-flow\">\n<h2 class=\"has-theme-palette-6-color has-text-color wp-block-heading\">01<\/h2>\n\n\n\n<p><strong>Vyps\u00e1n\u00ed p\u0159edn\u00e1\u0161ek&nbsp;<\/strong><br>P\u0159edn\u00e1\u0161ky lze vypsat od <br>1. b\u0159ezna 2022<br><\/p>\n<\/div>\n\n\n\n<div class=\"wp-block-column is-layout-flow wp-block-column-is-layout-flow\">\n<h2 class=\"has-theme-palette-6-color has-text-color wp-block-heading\">02<\/h2>\n\n\n\n<p><strong>Hlasov\u00e1n\u00ed o p\u0159edn\u00e1\u0161k\u00e1ch&nbsp;<\/strong><br>Hlasov\u00e1n\u00ed je mo\u017en\u00e9 od <br>1. do 22. kv\u011btna 2022<br><\/p>\n<\/div>\n\n\n\n<div class=\"wp-block-column is-layout-flow wp-block-column-is-layout-flow\">\n<h2 class=\"has-theme-palette-6-color has-text-color wp-block-heading\">03<\/h2>\n\n\n\n<p><strong>Zve\u0159ejn\u011bn\u00ed programu&nbsp;<\/strong><br>Program je vyhl\u00e1\u0161en od <br>30. kv\u011btna 2022<\/p>\n<\/div>\n\n\n\n<div class=\"wp-block-column is-layout-flow wp-block-column-is-layout-flow\">\n<h2 class=\"has-theme-palette-6-color has-text-color wp-block-heading\">04<\/h2>\n\n\n\n<p><strong>Barcamp <\/strong><br>Barcamp&nbsp;bude <br>4. \u010dervna 2022 od 10:00<\/p>\n<\/div>\n\n\n\n<div class=\"wp-block-column is-layout-flow wp-block-column-is-layout-flow\">\n<h2 class=\"has-theme-palette-1-color has-text-color wp-block-heading\">05<\/h2>\n\n\n\n<p><strong>Vyd\u00e1n\u00ed v\u00fdstupu<\/strong><br>V\u00fdstupy barcampu vyd\u00e1me online do 4. \u010dervence 2022<\/p>\n<\/div>\n<\/div>\n\n\n\n<div style=\"height:100px\" aria-hidden=\"true\" class=\"wp-block-spacer\"><\/div>\n\n\n\n<hr class=\"wp-block-separator has-css-opacity is-style-wide\"\/>\n\n\n\n<div style=\"height:14px\" aria-hidden=\"true\" class=\"wp-block-spacer\"><\/div>\n\n\n\n<h2 class=\"has-text-align-center wp-block-heading\"><strong>Mapa<\/strong><\/h2>\n\n\n<p><iframe src=\"https:\/\/www.google.com\/maps\/embed?pb=!1m18!1m12!1m3!1d2605.9183693952223!2d17.65547871584701!3d49.22107518305461!2m3!1f0!2f0!3f0!3m2!1i1024!2i768!4f13.1!3m3!1m2!1s0x4713734cf933f6e1%3A0x423b462382d58edc!2sUniverzita%20Tom%C3%A1%C5%A1e%20Bati%20Zl%C3%ADn%20-%20Fakulta%20managementu%20a%20ekonomiky!5e0!3m2!1scs!2scz!4v1647934940356!5m2!1scs!2scz\" style=\"border:0;\" allowfullscreen=\"\" loading=\"lazy\" width=\"100%\" height=\"450\"><\/iframe><\/p>","protected":false},"excerpt":{"rendered":"<p>Barcamp v \u010cesk\u00e9 republice snad u\u017e nemus\u00edme p\u0159edstavovat. Tenhle je p\u0159esto speci\u00e1ln\u00ed, zam\u011b\u0159uje se na t\u00e9ma podnik\u00e1n\u00ed. 01 Vyps\u00e1n\u00ed p\u0159edn\u00e1\u0161ek&nbsp;P\u0159edn\u00e1\u0161ky lze vypsat od 1. b\u0159ezna 2022 02 Hlasov\u00e1n\u00ed o p\u0159edn\u00e1\u0161k\u00e1ch&nbsp;Hlasov\u00e1n\u00ed je mo\u017en\u00e9 od 1. do 22. kv\u011btna 2022 03 Zve\u0159ejn\u011bn\u00ed programu&nbsp;Program je vyhl\u00e1\u0161en od 30. kv\u011btna 2022 04 Barcamp Barcamp&nbsp;bude 4. \u010dervna 2022 od 10:00&#8230;<\/p>\n","protected":false},"author":1,"featured_media":0,"parent":0,"menu_order":0,"comment_status":"closed","ping_status":"closed","template":"","meta":{"_kad_post_transparent":"","_kad_post_title":"","_kad_post_layout":"","_kad_post_sidebar_id":"","_kad_post_content_style":"","_kad_post_vertical_padding":"","_kad_post_feature":"","_kad_post_feature_position":"","_kad_post_header":false,"_kad_post_footer":false,"footnotes":""},"class_list":["post-1463","page","type-page","status-publish","hentry"],"_links":{"self":[{"href":"https:\/\/zlinsky-barcamp.cz\/2023\/wp-json\/wp\/v2\/pages\/1463","targetHints":{"allow":["GET"]}}],"collection":[{"href":"https:\/\/zlinsky-barcamp.cz\/2023\/wp-json\/wp\/v2\/pages"}],"about":[{"href":"https:\/\/zlinsky-barcamp.cz\/2023\/wp-json\/wp\/v2\/types\/page"}],"author":[{"embeddable":true,"href":"https:\/\/zlinsky-barcamp.cz\/2023\/wp-json\/wp\/v2\/users\/1"}],"replies":[{"embeddable":true,"href":"https:\/\/zlinsky-barcamp.cz\/2023\/wp-json\/wp\/v2\/comments?post=1463"}],"version-history":[{"count":0,"href":"https:\/\/zlinsky-barcamp.cz\/2023\/wp-json\/wp\/v2\/pages\/1463\/revisions"}],"wp:attachment":[{"href":"https:\/\/zlinsky-barcamp.cz\/2023\/wp-json\/wp\/v2\/media?parent=1463"}],"curies":[{"name":"wp","href":"https:\/\/api.w.org\/{rel}","templated":true}]}}