{"id":2,"date":"2022-03-19T15:23:14","date_gmt":"2022-03-19T14:23:14","guid":{"rendered":"https:\/\/zlinsky-barcamp.cz\/2022\/?page_id=2"},"modified":"2023-10-26T09:18:24","modified_gmt":"2023-10-26T07:18:24","slug":"home","status":"publish","type":"page","link":"https:\/\/zlinsky-barcamp.cz\/2023\/","title":{"rendered":"Homepage"},"content":{"rendered":"\n<div class=\"wp-block-cover alignfull\" style=\"padding-bottom:0px;min-height:100vh;aspect-ratio:unset;\"><span aria-hidden=\"true\" class=\"wp-block-cover__background has-theme-palette-3-background-color has-background-dim-70 has-background-dim\"><\/span><video class=\"wp-block-cover__video-background intrinsic-ignore\" autoplay muted loop playsinline src=\"https:\/\/zlinsky-barcamp.cz\/wp-content\/uploads\/2023\/04\/BARCAMP_2023_HDv4.mp4\" data-object-fit=\"cover\"><\/video><div class=\"wp-block-cover__inner-container is-layout-flow wp-block-cover-is-layout-flow\">\n<p class=\"has-text-align-center has-theme-palette-4-color has-text-color\">\u2014<\/p>\n\n\n\n<h1 class=\"wp-block-heading has-text-align-center has-theme-palette-1-color has-text-color\" style=\"line-height:1\">Zl\u00ednsk\u00fd BARCAMP<\/h1>\n\n\n\n<div class=\"wp-block-columns is-layout-flex wp-container-core-columns-is-layout-9d6595d7 wp-block-columns-is-layout-flex\">\n<div class=\"wp-block-column is-layout-flow wp-block-column-is-layout-flow\" style=\"flex-basis:100%\">\n<div class=\"wp-block-columns alignwide is-layout-flex wp-container-core-columns-is-layout-9d6595d7 wp-block-columns-is-layout-flex\">\n<div class=\"wp-block-column is-layout-flow wp-block-column-is-layout-flow\">\n<p class=\"has-text-align-center\">Otev\u0159en\u00e1 konference o podnik\u00e1n\u00ed.<\/p>\n<\/div>\n<\/div>\n<\/div>\n<\/div>\n\n\n\n<h2 class=\"wp-block-heading has-text-align-center has-theme-palette-1-color has-text-color\">22. dubna  2023<br><\/h2>\n\n\n\n<p class=\"has-text-align-center\">Pokud chcete dost\u00e1vat informace o aktu\u00e1ln\u00edm ro\u010dn\u00edku <br>nebo chcete b\u00fdt jenom sou\u010d\u00e1st\u00ed networkingu, m\u016f\u017eete n\u00e1s sledovat na<br> <a href=\"https:\/\/www.linkedin.com\/company\/92695172\/admin\/\" data-type=\"URL\" data-id=\"https:\/\/www.linkedin.com\/company\/92695172\/admin\/\">LinkedIn<\/a>. <\/p>\n\n\n\n<div style=\"height:35px\" aria-hidden=\"true\" class=\"wp-block-spacer\"><\/div>\n<\/div><\/div>\n\n\n\n<div class=\"wp-block-columns has-theme-palette-3-color has-text-color is-layout-flex wp-container-core-columns-is-layout-f5e77106 wp-block-columns-is-layout-flex\" style=\"padding-top:0px;padding-right:0px;padding-bottom:0px;padding-left:0px\">\n<div class=\"wp-block-column is-layout-flow wp-block-column-is-layout-flow\" style=\"padding-top:4%;padding-right:4%;padding-bottom:4%;padding-left:4%\">\n<h5 class=\"wp-block-heading has-text-align-center\">Hled\u00e1\u0161 inspiraci pro podnik\u00e1n\u00ed? Chce\u0161 se dozv\u011bd\u011bt n\u011bco v\u00edc o podnik\u00e1n\u00ed?<br>Nebo chce\u0161 jen n\u011bco nov\u00e9ho zjistit?<\/h5>\n\n\n\n<p class=\"has-text-align-center has-small-font-size\"><br>Jestli jsi alespo\u0148 jednou odpov\u011bd\u011bl ano, tak je Zl\u00ednsk\u00fd Barcamp ide\u00e1ln\u00ed pr\u00e1v\u011b pro tebe.<br><\/p>\n\n\n\n<hr class=\"wp-block-separator has-alpha-channel-opacity\"\/>\n<\/div>\n<\/div>\n\n\n\n<div class=\"wp-block-cover has-parallax\"><span aria-hidden=\"true\" class=\"wp-block-cover__background has-background-dim-30 has-background-dim\"><\/span><div role=\"img\" class=\"wp-block-cover__image-background wp-image-24 has-parallax\" style=\"background-position:50% 50%;background-image:url(https:\/\/zlinsky-barcamp.cz\/wp-content\/uploads\/2022\/03\/DSC6591utb-scaled-e1648020189710.jpg)\"><\/div><div class=\"wp-block-cover__inner-container is-layout-flow wp-block-cover-is-layout-flow\">\n<p class=\"has-text-align-center has-theme-palette-9-color has-text-color\"><strong>#zlinskybarcamp<\/strong><\/p>\n\n\n\n<p class=\"has-text-align-center has-theme-palette-9-color has-text-color\"><strong>Barcamp v \u010cesk\u00e9 republice snad u\u017e nemus\u00edme p\u0159edstavovat. <br>Na\u0161\u00edm c\u00edlem je mo\u017enost poskytnout nov\u00e9 kontakty <br>a pobavit se s profesion\u00e1ly z r\u016fzn\u00fdch odv\u011btv\u00ed.<\/strong><\/p>\n<\/div><\/div>\n\n\n\n<h2 class=\"wp-block-heading has-text-align-center has-theme-palette-1-color has-text-color\">FAQ<\/h2>\n\n\n\n<div class=\"wp-block-columns is-layout-flex wp-container-core-columns-is-layout-cbef207c wp-block-columns-is-layout-flex\" style=\"padding-top:0%;padding-right:4%;padding-bottom:4%;padding-left:4%\">\n<div class=\"wp-block-column is-layout-flow wp-block-column-is-layout-flow\">\n<ul class=\"wp-block-list\">\n<li><strong>Co je to Barcamp<\/strong><br>Jde o otev\u0159enou konferenci, tedy v\u0161em nad\u0161enc\u016fm pro \u00fa\u010dast i p\u0159edn\u00e1\u0161ku. Hodn\u011b o Barcampech najdete na&nbsp;<a rel=\"noreferrer noopener\" href=\"https:\/\/web.archive.org\/web\/20210516110249\/http:\/\/barcamp.cz\/\" target=\"_blank\">http:\/\/barcamp.cz<\/a><br><\/li>\n\n\n\n<li><strong>Pro koho je Barcamp ur\u010den<\/strong><br>Zl\u00ednsk\u00fd Barcamp je pro v\u0161echny, kte\u0159\u00ed cht\u011bj\u00ed podnikat anebo se r\u00e1di dozv\u00ed n\u011bco nov\u00e9ho. N\u00e1\u0161 c\u00edl je poskytnout prostor pro nabyt\u00ed nov\u00fdch kontakt\u016f a poslechnout si zku\u0161enosti ostatn\u00edch.<br><\/li>\n\n\n\n<li><strong>Je \u00fa\u010dast zpoplatn\u011bna<\/strong><br>NE. Barcamp byl, je a bude free. Mus\u00edte se jen registrovat.<br><\/li>\n\n\n\n<li><strong>GDPR<\/strong><br><a href=\"https:\/\/www.utb.cz\/ochrana-osobnich-udaju\/\" target=\"_blank\" rel=\"noreferrer noopener\">V\u00edce&#8230;<\/a><br><\/li>\n\n\n\n<li><strong>Jak se dostanu na m\u00edsto?<\/strong><br>Autobusov\u00e9 a vlakov\u00e9 n\u00e1dra\u017e\u00ed je cca 10 minut ch\u016fze od m\u00edsta kon\u00e1n\u00ed. Autem se k n\u00e1m tak\u00e9 dostanete a dob\u0159e zaparkujete, placen\u00e9 parkovi\u0161t\u011b je hned naproti.<br><\/li>\n\n\n\n<li><strong>Jak\u00e9 jsou mo\u017enosti parkov\u00e1n\u00ed.<\/strong><br>Parkov\u00e1n\u00ed nejl\u00e9pe na parkovi\u0161ti hned kousek od m\u00edsta kon\u00e1n\u00ed.<\/li>\n<\/ul>\n<\/div>\n\n\n\n<div class=\"wp-block-column is-layout-flow wp-block-column-is-layout-flow\">\n<ul class=\"wp-block-list\">\n<li><strong>Je na akci zaji\u0161t\u011bno ob\u010derstven\u00ed?<\/strong><br>Ano. Psychick\u00e1 aktivita mozku spot\u0159ebuje hodn\u011b energie. Tak mi pom\u016f\u017eeme doplnit drobn\u00fdm ob\u010derstven\u00edm a vodou. Pro velk\u00e9 jedl\u00edky d\u00e1me tipy na suprov\u00e9 restaurace v okol\u00ed.<br><\/li>\n\n\n\n<li><strong>Co sebou?<\/strong><br>Chu\u0165 se dozv\u011bd\u011bt n\u011bco nov\u00e9ho. Jinak se hod\u00ed cokoliv na pozn\u00e1mky. Nezapome\u0148te vizitky a nab\u00edt mobil pro super fotky a posty na s\u00edt\u011b.<br><\/li>\n\n\n\n<li><strong>Bude WIFI?<\/strong><br>Bude.<br><\/li>\n\n\n\n<li><strong>Jak\u00e9 jsou mo\u017enosti ubytov\u00e1n\u00ed?<\/strong><br>Koleje univerzity, hotely v okol\u00ed a airbnb. N\u00e1dra\u017e\u00ed moc nedoporu\u010dujeme, ale lidi ze Zl\u00edna jsou hodn\u011b pohostinn\u00ed, t\u0159eba v\u00e1s pozvou k sob\u011b.<br><\/li>\n\n\n\n<li><strong>Je akce bezbari\u00e9rov\u00e1?<\/strong><br>Ano. Prostory jsou bezbari\u00e9rov\u00e9. Pokud m\u00e1te jak\u00e9koliv dotazy napi\u0161te n\u00e1m na e-mail: barcamp@utb.cz. Pom\u016f\u017eeme V\u00e1m si akci po\u0159\u00e1dn\u011b u\u017e\u00edt.<\/li>\n<\/ul>\n<\/div>\n<\/div>\n\n\n\n<div class=\"wp-block-columns has-theme-palette-3-color has-theme-palette-7-background-color has-text-color has-background is-layout-flex wp-container-core-columns-is-layout-c51ba7f9 wp-block-columns-is-layout-flex\" style=\"padding-top:80px;padding-right:80px;padding-bottom:80px;padding-left:80px\">\n<div class=\"wp-block-column is-layout-flow wp-block-column-is-layout-flow\" style=\"padding-bottom:4%\">\n<p class=\"has-text-align-center\" style=\"font-size:20px\"><strong>Barcamp se kon\u00e1:<\/strong><br>\u2014<\/p>\n\n\n\n<p class=\"has-text-align-center has-small-font-size\">22. dubna 2023<br><br>Podm\u00ednkou \u00fa\u010dasti je on-line registrace.<br><\/p>\n<\/div>\n\n\n\n<div class=\"wp-block-column is-layout-flow wp-block-column-is-layout-flow\" style=\"padding-bottom:4%\">\n<p class=\"has-text-align-center\" style=\"font-size:20px\"><strong>M\u00edsto kon\u00e1n\u00ed:<\/strong><br>\u2014<\/p>\n\n\n\n<p class=\"has-text-align-center has-small-font-size\">Fakulta managementu a ekonomiky Univerzity Tom\u00e1\u0161e Bati ve Zl\u00edn\u011b<br>Mostn\u00ed 5139, 760 01 Zl\u00edn<br><br><a rel=\"noreferrer noopener\" href=\"https:\/\/goo.gl\/maps\/VFb4i9Teo16nymeB9\" target=\"_blank\">Zobrazit mapu <\/a><\/p>\n<\/div>\n\n\n\n<div class=\"wp-block-column is-layout-flow wp-block-column-is-layout-flow\" style=\"padding-bottom:4%\">\n<p class=\"has-text-align-center\" style=\"font-size:20px\"><strong>Parkov\u00e1n\u00ed:<\/strong><br>\u2014<\/p>\n\n\n\n<p class=\"has-text-align-center has-small-font-size\">Placen\u00e9 a dostate\u010dn\u011b velk\u00e9 parkovi\u0161t\u011b je u Velk\u00e9ho kina nebo Obchodn\u00edho domu. V\u0161e v dosahu 3 minut p\u011b\u0161ky od m\u00edsta kon\u00e1n\u00ed.<br><br><a href=\"https:\/\/www.google.com\/maps\/place\/Parkovi%C5%A1t%C4%9B+Velk%C3%A9+kino\/@49.2220375,17.6592753,18z\/data=!3m1!4b1!4m5!3m4!1s0x4713734dbfd98cf5:0x600b662ce90586b7!8m2!3d49.2220375!4d17.6603696\" target=\"_blank\" rel=\"noreferrer noopener\">Zobrazit parkovi\u0161t\u011b na map\u011b <\/a><\/p>\n<\/div>\n<\/div>\n\n\n\n<h2 class=\"wp-block-heading has-text-align-center has-theme-palette-1-color has-text-color\">Zl\u00ednsk\u00fd BARCAMP<br><\/h2>\n\n\n\n<p class=\"has-text-align-center\">Zaj\u00edm\u00e1 v\u00e1s, jak to vypadalo minule? Pod\u00edvejte se na na\u0161i fotodokumentaci a video z minul\u00fdch ro\u010dn\u00edk\u016f.<\/p>\n\n\n\n<div class=\"wp-block-buttons is-content-justification-center is-layout-flex wp-container-core-buttons-is-layout-16018d1d wp-block-buttons-is-layout-flex\">\n<div class=\"wp-block-button is-style-outline is-style-outline--1\"><a class=\"wp-block-button__link wp-element-button\" href=\"https:\/\/zlinsky-barcamp.cz\/2023\/historie\/\" style=\"border-radius:4px\">Fotogalerie minul\u00fdch ro\u010dn\u00edk\u016f<\/a><\/div>\n<\/div>\n\n\n\n<div style=\"height:100px\" aria-hidden=\"true\" class=\"wp-block-spacer\"><\/div>\n\n\n\n<p><\/p>\n","protected":false},"excerpt":{"rendered":"<p>Hled\u00e1\u0161 inspiraci pro podnik\u00e1n\u00ed? Chce\u0161 se dozv\u011bd\u011bt n\u011bco v\u00edc o podnik\u00e1n\u00ed?Nebo chce\u0161 jen n\u011bco nov\u00e9ho zjistit? Jestli jsi alespo\u0148 jednou odpov\u011bd\u011bl ano, tak je Zl\u00ednsk\u00fd Barcamp ide\u00e1ln\u00ed pr\u00e1v\u011b pro tebe. FAQ Barcamp se kon\u00e1:\u2014 22. dubna 2023 Podm\u00ednkou \u00fa\u010dasti je on-line registrace. M\u00edsto kon\u00e1n\u00ed:\u2014 Fakulta managementu a ekonomiky Univerzity Tom\u00e1\u0161e Bati ve Zl\u00edn\u011bMostn\u00ed 5139, 760&#8230;<\/p>\n","protected":false},"author":1,"featured_media":0,"parent":0,"menu_order":0,"comment_status":"closed","ping_status":"closed","template":"","meta":{"_kad_post_transparent":"enable","_kad_post_title":"hide","_kad_post_layout":"fullwidth","_kad_post_sidebar_id":"","_kad_post_content_style":"default","_kad_post_vertical_padding":"","_kad_post_feature":"default","_kad_post_feature_position":"default","_kad_post_header":false,"_kad_post_footer":false,"footnotes":""},"class_list":["post-2","page","type-page","status-publish","hentry"],"_links":{"self":[{"href":"https:\/\/zlinsky-barcamp.cz\/2023\/wp-json\/wp\/v2\/pages\/2","targetHints":{"allow":["GET"]}}],"collection":[{"href":"https:\/\/zlinsky-barcamp.cz\/2023\/wp-json\/wp\/v2\/pages"}],"about":[{"href":"https:\/\/zlinsky-barcamp.cz\/2023\/wp-json\/wp\/v2\/types\/page"}],"author":[{"embeddable":true,"href":"https:\/\/zlinsky-barcamp.cz\/2023\/wp-json\/wp\/v2\/users\/1"}],"replies":[{"embeddable":true,"href":"https:\/\/zlinsky-barcamp.cz\/2023\/wp-json\/wp\/v2\/comments?post=2"}],"version-history":[{"count":0,"href":"https:\/\/zlinsky-barcamp.cz\/2023\/wp-json\/wp\/v2\/pages\/2\/revisions"}],"wp:attachment":[{"href":"https:\/\/zlinsky-barcamp.cz\/2023\/wp-json\/wp\/v2\/media?parent=2"}],"curies":[{"name":"wp","href":"https:\/\/api.w.org\/{rel}","templated":true}]}}